{"id":9,"date":"2016-03-12T12:08:01","date_gmt":"2016-03-12T11:08:01","guid":{"rendered":"http:\/\/www.liedertafel-schwertberg.at\/?page_id=9"},"modified":"2018-03-27T11:15:31","modified_gmt":"2018-03-27T09:15:31","slug":"geschichte","status":"publish","type":"page","link":"http:\/\/www.liedertafel-schwertberg.at\/?page_id=9","title":{"rendered":"Geschichte"},"content":{"rendered":"<p>Die Liedertafel Schwertberg besteht seit1885. Sie wurde als M\u00e4nnergesangsverein gegr\u00fcndet. Nach dem Krieg wurden auch Frauen in den Chor aufgenommen seither ist die Liedertafel Schwertberg ein gemischter Chor.<\/p>\n<p>Das Gr\u00fcndungsmitglied Josef Bernauer war der erste Chormeister des damaligen M\u00e4nnergesangsvereins. Er kam als provisorischer Unterlehrer nach Schwertberg. Sehr bald wurde man auf sein musikalisches Talent aufmerksam und \u00fcbertrug ihm auch die Chorleitung in der Pfarrkirche. Im Schloss Schwertberg unterrichtet er das M\u00fcndel des Schlossherrn Theresia Quirimayr in Klavierspiel und Gesang. Sie verliebten sich und 1887 heiratete er die damals 18 j\u00e4hrige Theresia. Graf Ludwig von Th\u00fcrheim wurde dadurch sein besonderer F\u00f6rderer und erm\u00f6glichte dem Paar ein sorgenfreies Leben. 1894 zog die Familie, die mittlerweile zwei S\u00f6hne hatte in die neuerbaute Villa an der Aist-Promenade. Das Haus ist heute im Besitz der Arztfamilie Rohrauer. Ein schweres Hochwasser brachte die Familie in finanzielle N\u00f6te, sie verkauften das Haus und \u00fcbersiedelten nach Urfahr. Herr Bernauer hinterlie\u00df nach seinem Tod viele Kompositionen. Er wurde in Schwertberg in der Familiengruft beigesetzt.<\/p>\n<p>Viele hoch motivierte Menschen haben sich des Vereins angenommen, wobei es immer wieder Lehrer des Ortes waren, die den Chor leiteten.<br \/>\nHerr Haidinger z.B. Beispiel, stellte seine Talente uneigenn\u00fctzig der Allgemeinheit zur Verf\u00fcgung. Er war Organist, Chorleiter und Kapellmeister. Kein Tag verging an dem er nicht in einer dieser T\u00e4tigkeiten aktiv war. Die Chorproben fanden damals im Gasthaus Wei\u00df statt, wo man auch die legend\u00e4ren Liedertafel-B\u00e4lle feierte. Sein \u00fcberraschender und viel zu fr\u00fcher Tod war f\u00fcr die Liedertafel eine Katastrophe.<\/p>\n<p>Auf der Suche nach einem Nachfolger stie\u00df man auf eine junge begabte Lehrerin. Zu diesem Zeitpunkt wusste sie wohl nicht, wie sehr sie die Liedertafel pr\u00e4gen sollte. Frau Ingrid Handlechner hat nicht nur als Chorleiterin viele gro\u00dfartige Konzerte gestaltet. Sie gr\u00fcndete auch die Stubenmusik und die Schulspatzen, beide Formationen wurden in den Verein aufgenommen.<br \/>\nAls sie als Lehrerin in Pension ging endete auch die Zeit des Schulspatzenchores. Die Stubenmusik , welche&nbsp; immer ein wichtiger Bestandteil der Liedertafel Schwertberg war, f\u00fchrte sie noch bis 2010 weiter.<\/p>\n<p>Als sie die Leitung des Chors&nbsp; 1995 (nach 15 Jahren) zur\u00fccklegte, stellte sich f\u00fcr drei Jahre Robert Walkner, ein treffsicherer Bassist unseres Chors, als Chorleiter zur Verf\u00fcgung.<\/p>\n<p>Melitta Hofst\u00e4tter hat den Chor von 1998 bis 2010 geleitet, in einer Zeit als Vereine ihre Attraktivit\u00e4t zu verlieren begannen.Sie hat mit Konzerten wie \u201eMy Way\u201c, \u201eSound of Movies\u201c oder \u201eSommergspritzter\u201c neue Impulse und neue S\u00e4nger in den Verein gebracht. Die Urauff\u00fchrung einer Messe von Professor Guntram Peer verdanken wir der Freundschaft Frau Hofst\u00e4tters mit Herrn Professor Peer.<\/p>\n<p>Seit 2010 wird der Chor von mehreren Chorleitern betreut. Ingrid Handlechner (bis 2015), Ingrid Penner, Martin Kapplm\u00fcller und Robert Walkner.<br \/>\nKonzerte werden gemeinsam vorbereitet und durchgef\u00fchrt. Diese etwas ungew\u00f6hnliche Art entstand aus der Not und der Tatsache, dass unsere Chorleiter einander respektieren und jeder der Musiker seinen speziellen Schwerpunkt hat. Daraus entstehen abwechslungsreiche Konzerte wie:<br \/>\n\u201eKraut und R\u00fcben\u201c 2010<br \/>\n\u201eBin im Garten \u2013 die Farbe Gr\u00fcn\u201c 2011<br \/>\n\u201eBin am Wasser \u2013 die Farbe Blau\u201c 2012<br \/>\n\u201eBin verliebt \u2013 die Farbe Rot\u201c 2013<br \/>\n\u201eSommer ABC\u201c 2014<br \/>\n\u201eLieder zur Tafel\u201c 2015<br \/>\n\u201eLange Nacht der Lieder\u201c 2016<br \/>\n&#8222;Wia z&#8217;Haus&#8220; 2017<\/p>\n<p>&nbsp;<\/p>\n<p>&nbsp;<\/p>\n","protected":false},"excerpt":{"rendered":"<p>Die Liedertafel Schwertberg besteht seit1885. Sie wurde als M\u00e4nnergesangsverein gegr\u00fcndet. Nach dem Krieg wurden auch Frauen in den Chor aufgenommen seither ist die Liedertafel Schwertberg ein gemischter Chor. Das Gr\u00fcndungsmitglied Josef Bernauer war der erste Chormeister des damaligen M\u00e4nnergesangsvereins. Er kam als provisorischer Unterlehrer nach Schwertberg. Sehr bald wurde man auf sein musikalisches Talent aufmerksam &#8230;<\/p>\n","protected":false},"author":1,"featured_media":0,"parent":0,"menu_order":0,"comment_status":"closed","ping_status":"closed","template":"","meta":{"ngg_post_thumbnail":0,"footnotes":""},"class_list":["post-9","page","type-page","status-publish","hentry"],"_links":{"self":[{"href":"http:\/\/www.liedertafel-schwertberg.at\/index.php?rest_route=\/wp\/v2\/pages\/9"}],"collection":[{"href":"http:\/\/www.liedertafel-schwertberg.at\/index.php?rest_route=\/wp\/v2\/pages"}],"about":[{"href":"http:\/\/www.liedertafel-schwertberg.at\/index.php?rest_route=\/wp\/v2\/types\/page"}],"author":[{"embeddable":true,"href":"http:\/\/www.liedertafel-schwertberg.at\/index.php?rest_route=\/wp\/v2\/users\/1"}],"replies":[{"embeddable":true,"href":"http:\/\/www.liedertafel-schwertberg.at\/index.php?rest_route=%2Fwp%2Fv2%2Fcomments&post=9"}],"version-history":[{"count":5,"href":"http:\/\/www.liedertafel-schwertberg.at\/index.php?rest_route=\/wp\/v2\/pages\/9\/revisions"}],"predecessor-version":[{"id":810,"href":"http:\/\/www.liedertafel-schwertberg.at\/index.php?rest_route=\/wp\/v2\/pages\/9\/revisions\/810"}],"wp:attachment":[{"href":"http:\/\/www.liedertafel-schwertberg.at\/index.php?rest_route=%2Fwp%2Fv2%2Fmedia&parent=9"}],"curies":[{"name":"wp","href":"https:\/\/api.w.org\/{rel}","templated":true}]}}