{"id":5,"date":"2016-03-12T12:07:30","date_gmt":"2016-03-12T11:07:30","guid":{"rendered":"http:\/\/www.liedertafel-schwertberg.at\/?page_id=5"},"modified":"2026-04-09T19:26:49","modified_gmt":"2026-04-09T17:26:49","slug":"termine","status":"publish","type":"page","link":"http:\/\/www.liedertafel-schwertberg.at\/?page_id=5","title":{"rendered":"Termine"},"content":{"rendered":"<p><strong>Unsere Proben finden immer Donnerstags um 20.00 Uhr im alten Sitzungssaal der Gemeinde Schwertberg statt. Interesse bei uns mitzusingen &#8211; wir w\u00fcrden uns freuen &#8211; kontaktiere gerne unsere Obfrau Birgit Gro\u00dfsteiner!<\/strong><\/p>\n<p>Vorank\u00fcndigung:<\/p>\n<p>Samstag, 21.11.2026: Liedertafel-Konzert&nbsp;<\/p>\n<p>*****************************************************<\/p>\n<p>&nbsp;<\/p>\n","protected":false},"excerpt":{"rendered":"<p>Unsere Proben finden immer Donnerstags um 20.00 Uhr im alten Sitzungssaal der Gemeinde Schwertberg statt. Interesse bei uns mitzusingen &#8211; wir w\u00fcrden uns freuen &#8211; kontaktiere gerne unsere Obfrau Birgit Gro\u00dfsteiner! Vorank\u00fcndigung: Samstag, 21.11.2026: Liedertafel-Konzert&nbsp; ***************************************************** &nbsp;<\/p>\n","protected":false},"author":1,"featured_media":0,"parent":0,"menu_order":0,"comment_status":"closed","ping_status":"closed","template":"","meta":{"ngg_post_thumbnail":0,"footnotes":""},"class_list":["post-5","page","type-page","status-publish","hentry"],"_links":{"self":[{"href":"http:\/\/www.liedertafel-schwertberg.at\/index.php?rest_route=\/wp\/v2\/pages\/5"}],"collection":[{"href":"http:\/\/www.liedertafel-schwertberg.at\/index.php?rest_route=\/wp\/v2\/pages"}],"about":[{"href":"http:\/\/www.liedertafel-schwertberg.at\/index.php?rest_route=\/wp\/v2\/types\/page"}],"author":[{"embeddable":true,"href":"http:\/\/www.liedertafel-schwertberg.at\/index.php?rest_route=\/wp\/v2\/users\/1"}],"replies":[{"embeddable":true,"href":"http:\/\/www.liedertafel-schwertberg.at\/index.php?rest_route=%2Fwp%2Fv2%2Fcomments&post=5"}],"version-history":[{"count":46,"href":"http:\/\/www.liedertafel-schwertberg.at\/index.php?rest_route=\/wp\/v2\/pages\/5\/revisions"}],"predecessor-version":[{"id":1362,"href":"http:\/\/www.liedertafel-schwertberg.at\/index.php?rest_route=\/wp\/v2\/pages\/5\/revisions\/1362"}],"wp:attachment":[{"href":"http:\/\/www.liedertafel-schwertberg.at\/index.php?rest_route=%2Fwp%2Fv2%2Fmedia&parent=5"}],"curies":[{"name":"wp","href":"https:\/\/api.w.org\/{rel}","templated":true}]}}